 - 192, 4*t + 108 = g + 7*t. List the prime factors of g.
3, 11
Let x(v) = -v**2 - 74*v - 595. What are the prime factors of x(-30)?
5, 29
Suppose 5*w = 2*n - 1249, 11*w = -4*n + 14*w + 2533. Let f = 1534 - n. List the prime factors of f.
3, 13, 23
Suppose -d = -5*t + 183, 3*d = t - 0*t - 31. Let f be (-4)/10 + t/5. Suppose -f = -3*y + 2. List the prime factors of y.
3
Suppose 0 = -2*z - 8, -6*r - 473 = -r - 3*z. Let l = r - -9. Let d = l - -128. What are the prime factors of d?
2, 5
List the prime factors of (12 - (-95514)/12)*2.
107, 149
Suppose -36803 = -15*v - 1433. Let k = v - 1379. What are the prime factors of k?
11, 89
Let a(f) = 3*f**3 - 3*f**2 + f + 8. Let u be a(3). Suppose -15 + 3 = 4*x, -5*w = -5*x + 720. What are the prime factors of 6*7/w + u/7?
3
Let k = 14 - 9. Suppose -1025 = -10*j + k*j. Let t = j - 120. What are the prime factors of t?
5, 17
Suppose -4*f = -17 - 3. Suppose 0 = f*z - 20, p + 6*z = 3*z. What are the prime factors of 131*(8/p)/(4/(-6))?
131
Suppose -u - 2 = -2*v, -14 = -3*u + 3*v - 5. Let m be u/4*6/(-4). List the prime factors of (2/m)/(16/(-1584)).
2, 3, 11
Suppose -x - 763 = -191. Let i = 880 + x. What are the prime factors of i?
2, 7, 11
Suppose -2*b + 68 = 5*m, -b - 20 = -m - 3*b. Suppose 3*j - 7*j = 0. Suppose j*z = -3*z + m. List the prime factors of z.
2
Suppose 0 = -42*f + 37*f + 4*b - 949, -12 = 3*b. Let l(s) = 68*s. Let n be l(4). Let t = n + f. What are the prime factors of t?
79
Let h(p) = -2*p**3 - 21*p**2 - 19*p - 397. List the prime factors of h(-24).
67, 233
Let v(g) = -29*g - 24. Let a = -250 + 245. List the prime factors of v(a).
11
Let d be ((-30)/75)/(4/(-4430)). Suppose -5*x = -d + 108. List the prime factors of x.
67
Suppose 5*o - 20 - 30 = 0. Let b(t) be the third derivative of t**5/60 - t**4/2 + 35*t**3/6 - 2189*t**2. List the prime factors of b(o).
3, 5
Suppose 549*n = 594*n - 1569780. What are the prime factors of n?
2, 3, 17, 19
Let n(j) = -5*j**2 + 25*j - 14. Let h be n(5). What are the prime factors of (-564)/5*35/h?
2, 3, 47
Let k be -8*(228/(-24) - 6/8). Let i = 125 + k. List the prime factors of i.
3, 23
Let i(f) = 3*f**3 + 18*f**2 + 35*f - 1210. List the prime factors of i(29).
2, 3, 5, 11, 89
Suppose -2*c - 5255 = -t, -165*t + 3*c = -168*t + 15783. What are the prime factors of t?
3, 1753
Let z = 138 + -145. Let i(p) = -115*p + 9. List the prime factors of i(z).
2, 11, 37
Let d be 1/2*14 - -1. Let v = 0 + 450. What are the prime factors of v/d - (-18)/24?
3, 19
Suppose 5*g - 4*g + 3*g = 22956. What are the prime factors of g?
3, 1913
Let g = -5813 + 19386. What are the prime factors of g?
7, 277
List the prime factors of ((-15)/12)/((-7)/(-22610)*40/(-144)).
3, 5, 17, 19
Let r = -580 + 358. Let j = 77 - r. What are the prime factors of j?
13, 23
Let d = -277 - -289. Suppose 1398 = 2*q - d. List the prime factors of q.
3, 5, 47
Let n be (-3)/(24/25 + -1). Suppose -b + 5*o = n + 4, -4*b + 5*o = 346. List the prime factors of -3 + (-5 - (-1 - 3)) - b.
5, 17
Let b(m) = -36*m**2 - 56*m + 2. Let a be b(-4). What are the prime factors of 12/10 - (-7)/(a/(-79790))?
1597
Let x(q) = -q**2 - q + 1. Let a(o) = 4*o**3 + 9*o**2 + 15*o + 74. Let s(l) = -a(l) - x(l). List the prime factors of s(-6).
3, 5, 13
Let i be ((-30)/40)/3*(-8)/(-2). List the prime factors of 1039 + (4 - 9) + (-3 - i).
2, 3, 43
Let s(a) = a**3 + 37*a**2 - 264*a + 29. What are the prime factors of s(-25)?
71, 199
Let h be 2 - (25422/(-39) + (-4)/26). Suppose -h = -13*s + 12*s. What are the prime factors of s?
2, 3, 109
Let o(d) = 147*d + 238. Let k be o(-11). Let s = k + 2373. What are the prime factors of s?
2, 7, 71
Suppose 0 = 2*j + 4, 2*j - 3*j = c. Suppose 2*r - 8 = 0, -d + 4*d - r = c. Suppose -5*p + 499 = 4*v, -d*p + p = -3*v + 398. What are the prime factors of v?
131
Suppose 4*p = -2*r + 56, -4*p + 30 = 3*r - 30. Let m be -50*(p/(-5) + 2). Let f = m - -6. What are the prime factors of f?
2, 13
List the prime factors of 2582 + 8*17/(-34).
2, 1289
Let y(t) = 31*t**2 - 103*t + 1654. What are the prime factors of y(36)?
2, 7, 389
Let w be (-1)/(-2 + 6) - (-583)/44. Suppose 23*d + w*d - 19656 = 0. What are the prime factors of d?
2, 3, 7, 13
Suppose 48*h - 18*h - 53220 = 0. Suppose 5*s + 2848 = 2*l, -s + h + 5400 = 5*l. What are the prime factors of l?
2, 3, 239
Let k be (-14)/(-5)*((-180)/8)/(-9). Let n be (1953/(-6))/k*-2. Suppose c - 39 - n = 0. What are the prime factors of c?
2, 3, 11
What are the prime factors of (((-90)/27)/10)/(2/18) - -13865?
2, 29, 239
Let v(s) = -5*s**3 - s**2 + s - 22. Let i be v(5). Let w = 283 - i. List the prime factors of w.
2, 5, 19
What are the prime factors of (7551 + 4)*(11 - (-50)/(-5))?
5, 1511
Let h = -423 - -438. What are the prime factors of h/20 - (-22855)/28?
19, 43
Let s = 659 + -969. Let x = -29 - s. What are the prime factors of x?
281
Suppose 1888 = 5*i + 11*i. Suppose s = 29 + i. What are the prime factors of s?
3, 7
Let m be 3/4 + 12555/(-20). Let s = m + 1314. List the prime factors of s.
3, 229
Let c(x) = 4*x - 33*x**3 - 32*x**3 + 3*x**2 - 28*x**3. Let m(l) = -92*l**3 + 2*l**2 + 3*l. Let w(z) = -3*c(z) + 4*m(z). List the prime factors of w(-1).
2, 11
Suppose -89*b = -341*b + 2112768. List the prime factors of b.
2, 131
Let l = -30 - -34. Suppose 3*f = l*h + 2173, 0*h + 729 = f + h. List the prime factors of f.
727
Suppose -22*s + 690833 - 24607 = 0. What are the prime factors of s?
11, 2753
Let y(m) = 2*m**3 - 7*m**2 - 6*m + 1. Let k = -75 + 72. Let r be (-1)/(k*2/36). What are the prime factors of y(r)?
5, 29
Let y(p) = -356*p - 4626. List the prime factors of y(-33).
2, 3, 1187
Suppose -d = y - 42, 0 = -3*y + 6*d - 3*d + 156. Suppose y*v - 79567 = -27914. List the prime factors of v.
7, 157
Let p(l) = 1017*l**2 + 336*l + 23. What are the prime factors of p(-4)?
14951
List the prime factors of (-35)/1*(-21 + 2492/(-140)).
2, 7, 97
Suppose z + 0*z + u + 20 = 0, 2*u = z + 14. Let v be 171/z + (-1)/(-2). Let x = v - -95. What are the prime factors of x?
2, 43
Let c = 40 - 40. Suppose -5*x - 30 = h, -2*h = -c*h - 4*x + 4. List the prime factors of 1 + (-804)/h - 54/(-90).
2, 41
Let p(k) = 4*k + 17. Let z be p(-5). Let t be 6 + 2 + 0/4 + z. Let w = 9 - t. What are the prime factors of w?
2
Let h be 60/45 + (-188677)/3 + -1. List the prime factors of (-10)/35 + h/(-63).
2, 499
Suppose -286*f + 293*f = 61215. List the prime factors of f.
3, 5, 11, 53
Let w = 2535 - 2533. Let l(s) = 2 + 17*s**3 - s**2 + 0*s + 2*s - s. What are the prime factors of l(w)?
2, 17
Let n = 322 - 320. List the prime factors of ((10248/35)/(-6))/(n/(-10)).
2, 61
Let x(y) = -y**3 - y**2 + y. Let l(i) = -12*i**3 + i**2 + 3*i - 6. Let n(p) = -l(p) + 6*x(p). Let k be n(4). Let u = k - 128. What are the prime factors of u?
2, 3
Suppose 0 = -13*r + 8*r + 10. List the prime factors of 210/((r/3*3)/2).
2, 3, 5, 7
Let g be ((-2276)/(-6) - -3)*(6 - 3). Suppose 2*f = -3*p + g, 17 - 7 = -2*p. List the prime factors of f.
7, 83
Let c(k) = k + 6. Let p be c(-6). Suppose 3*a - 2*d - 1863 = p, 0 = -21*d + 24*d + 9. List the prime factors of a.
619
Let j be (8/(-40) + (-38)/(-40))*68. Let a = 52 - j. List the prime factors of a - -92 - (-6 - -2).
97
Suppose 0 = -4*z + a + 1561, 0*z = -z - 2*a + 397. Let t = z + -256. What are the prime factors of t?
3, 5
Let w = -25823 - -44967. List the prime factors of w.
2, 2393
Let o be ((2/6)/(-1))/(36/(-13716)). Let y = 1234 + o. What are the prime factors of y?
1361
Let w be (-5 - (0 - 5))/(-1). Suppose 2*c = -2*x - w*x + 1652, -5*c + 10 = 0. Suppose -8*y + x = -576. What are the prime factors of y?
5, 7
Suppose -k = -3*g - 5*k - 52, 3*g + 70 = 5*k. Let o = g + 23. List the prime factors of (4/2)/(o/27).
2, 3
Suppose 124897 = 4*d + 3*i, 0 = 135*d - 130*d + i - 156146. What are the prime factors of d?
31231
What are the prime factors of (-370941)/(-366)*((1 - 0) + 5)?
3, 2027
Suppose 0*p + 24*p + 2141 = -3235. Let f(n) = -106*n - 1. Let k be f(3). Let j = p - k. List the prime factors of j.
5, 19
Let b = 17996 + -11158. List the prime factors of b.
2, 13, 263
Let f = 7931 - 4498. List the prime factors of f.
3433
Let v(c) = 845*c**2 - 2023*c - 10. What are the prime factors of v(8)?
2, 19, 997
Suppose 9 = 7*k + 2. Let j be 34/4*(k*-6)/1. List the prime factors of j*(7